6, 128 = 4*k - 2*l - l. Let t = k - 33. Suppose 5*i = -2*q + 37 + 92, -q = -t*i + 57. List the prime factors of i.
3
Let i be 11319/6 - -2 - 8/16. Suppose -10*y = -18*y + i. What are the prime factors of y?
2, 59
Suppose 3*z = 3*h - 24741, 5*h = 118*z - 122*z + 41289. List the prime factors of h.
3, 7, 131
Let d = 46448 + -29366. Suppose -48*n + 9*n = -d. What are the prime factors of n?
2, 3, 73
Suppose 0 = 3*v + 4*v + 1575. Let h = 607 + v. What are the prime factors of h?
2, 191
Let k(g) = g - 27 - 15*g + 2*g. Let s(j) = -176*j - 9. Let q be s(0). List the prime factors of k(q).
3
Let k(t) = 173*t + 481. List the prime factors of k(20).
7, 563
Suppose -i = 4, -p - 3*i = -4*p + 15. Let x be (p/4)/(4/16)*43. Suppose -40 = -x*r + 42*r. List the prime factors of r.
2, 5
Suppose 5*o - 454 = 7001. Suppose 5*r = -4*q + 1487 + 998, 3*r = -q + o. What are the prime factors of r?
7, 71
List the prime factors of (-30 + (-444)/(-15))*(-2)/(4/52370).
2, 5237
What are the prime factors of (10 - (3 + 9))/(2/(-11526))?
2, 3, 17, 113
Let n(z) = 98323 - z + 114*z**2 - 98321 - 2*z**2. Let l be ((0 - -1)/1)/1. What are the prime factors of n(l)?
113
Suppose -2*x + 7 = -3991. Suppose -5*f - x = -4*c, -6*c + 3*c + 4*f = -1498. List the prime factors of c.
2, 11, 23
Let x be 5/1 + 22 + -10. Suppose x*w + 30 = 23*w. List the prime factors of w.
5
Let q be (36/20)/9 + (-14)/(-5). Suppose -q*x = -7*x + 2376. What are the prime factors of x?
2, 3, 11
Suppose -93020 = -2*t - 5438. List the prime factors of t/165 + (4/5)/(-2).
5, 53
Let r(v) = v**3 + 13*v**2 - 33*v + 16. Let g = 172 + -185. List the prime factors of r(g).
5, 89
Let f(j) be the first derivative of j**4/3 + 6*j**2 - 13*j + 13. Let w(s) be the first derivative of f(s). What are the prime factors of w(4)?
2, 19
Suppose -57*l = -56*l + 27. Let t be 12 + -15 - (-1 - l). Let f(a) = -a**2 - 34*a - 43. What are the prime factors of f(t)?
2, 3, 17
Let k = 114890 - 71368. What are the prime factors of k?
2, 47, 463
Let i = 16484 - 10960. List the prime factors of i.
2, 1381
Suppose 2*q = -4*v + 272 + 986, v = 4*q - 2507. What are the prime factors of q?
3, 11, 19
Let x(b) = 4*b**2 - 15*b + 20. Let v be x(10). Let c = -5 + v. What are the prime factors of c?
5, 53
Suppose 11 = -2*r + 483. Let g = 49 + r. Let u = g + -154. What are the prime factors of u?
131
Let k = 46539 + -31623. What are the prime factors of k?
2, 3, 11, 113
List the prime factors of (7190/(-70) + 5)/((-6)/532).
2, 3, 19
Let z(s) = s**3 - 3*s**2 - 2*s - 8. Let w be z(4). Suppose w = 2*f - f + 11. List the prime factors of (-16)/88 - 2488/f.
2, 113
Let d(x) = -2*x**3 - 12*x**2 - 25*x - 43. Suppose 18*c = 13*c - 45. List the prime factors of d(c).
2, 167
Suppose 203*p - 262*p = -724343. What are the prime factors of p?
12277
What are the prime factors of ((-5)/(-2))/(145/90770)?
5, 313
Let c be 7 + (7 - -53) + 7. Suppose -m = -3*g, 16 + 49 = 3*m + 4*g. Let r = c - m. List the prime factors of r.
59
Suppose -15*d - 4*q = -754106, 2*d - 100550 = 6*q - 4*q. What are the prime factors of d?
2, 3, 7, 19
Let x(w) = 12*w + 2. Let a be x(3). Suppose -2*n + 164 = -a. Let v = 147 - n. List the prime factors of v.
2, 23
What are the prime factors of (14 + 105/(-10))*10232/7?
2, 1279
Let w(b) = 113*b**2 - 6*b + 7. Suppose 22*s = 10*s + 12. What are the prime factors of w(s)?
2, 3, 19
Suppose 0 = 2*f + 42 + 54. Let i be ((-2)/18*3)/(2/f). What are the prime factors of (420/i)/((-1)/(-2))?
3, 5, 7
Suppose -5*m + 12 = -2*m. Let f(u) = -2*u**3 + 56*u**2 + 59*u - 31. Let p be f(29). List the prime factors of (-9)/p*m/(7 + -6).
2, 3
Let y be 35 - (1 - 2)*1 - 2. Let g = y - 29. Suppose 0 = g*v - 12*v + 910. List the prime factors of v.
2, 5, 13
Let n = 72725 - 6282. List the prime factors of n.
13, 19, 269
What are the prime factors of (-3)/((-5)/10 + (-2)/((-5192)/1294))?
3, 11, 59
Suppose 30*k - 9*k + 399 = 0. Let c(z) = z**3 + 19*z**2 - 13*z + 2. List the prime factors of c(k).
3, 83
Let o = -2434 + 20166. What are the prime factors of o?
2, 11, 13, 31
List the prime factors of (1/3)/((-22)/12) - (-335802339)/8129.
101, 409
Let q = 94 - 131. Let k = q + 44. Suppose 41 = -k*b + 237. List the prime factors of b.
2, 7
Let q be 6*2/8 - 4485/(-78). Let k = q + 23. What are the prime factors of k?
2, 41
Suppose 4*c + 4*j = 78 + 110, -4*c + 4*j = -220. Suppose c = -6*w + 1761. List the prime factors of w.
3, 5, 19
Let y(m) be the second derivative of -m**5/20 + 23*m**4/12 + 14*m**3 - 35*m**2/2 - 21*m. What are the prime factors of y(26)?
11
Let n(t) = 8556*t - 8778. List the prime factors of n(6).
2, 3, 41, 173
Let z(m) = m**2 - 8*m + 14. Let g be z(6). Suppose g*w + 1991 = 13*w. What are the prime factors of w?
181
Let o(u) = 638*u**2 + 58*u + 205. List the prime factors of o(-5).
5, 19, 167
Let u(y) = -y**2 - 7*y - 9. Let z be u(-4). Suppose -8*p + 7*p - z = 0. List the prime factors of -189*p*6/27.
2, 3, 7
Let c(v) = -8*v**2 - v + 2. Let u be c(2). Let r be -5 - 168/u - (-11)/4. Suppose 0 = k + r*m - 75, m - 75 = -5*k + 4*k. List the prime factors of k.
3, 5
Let s be 2*(-2)/(-16) - (-3905)/44. Let m = s - 82. Let u = m - -12. What are the prime factors of u?
19
List the prime factors of 1/((-998)/14168 + 29/406).
2, 11, 23
Let s = 130665 - 91877. What are the prime factors of s?
2, 9697
Let c(w) = -w**3 + 15*w**2 - 24*w + 30. Let g be c(15). Let k = 469 - g. List the prime factors of k.
17, 47
Let d = 89 - -205. Let f = 121 + d. List the prime factors of f.
5, 83
Let c = 5675 - 5089. What are the prime factors of c?
2, 293
Let m(o) = 14917*o**3 - 9*o**2 + 4*o + 5. What are the prime factors of m(1)?
7, 2131
Let v = 54 - 90. Let h = -34 - v. Suppose 0 = -2*w + b + 54, -5*w + 135 = h*b - 4*b. List the prime factors of w.
3
Suppose 2*n = 2*u - 2506, 2*n - 1256 = -2*u + u. Suppose 9*f + u = 15*f. List the prime factors of f.
11, 19
Suppose -2*q + 6*q = -5*t + 1184, 3*t + 5*q - 700 = 0. Suppose 11*s = 1905 + t. What are the prime factors of s?
3, 5, 13
Let n be (8/(-24))/((-3)/36). Suppose -2*m + 5*s - 766 = -3*m, -n*m = -2*s - 3020. Suppose 0 = 3*r - 12*r + m. List the prime factors of r.
2, 3, 7
Suppose 0 = -5*o + 267 + 123. Let c = -124 + o. Let w = 30 - c. List the prime factors of w.
2, 19
Let y = -36 - -7. Let u = y - -18. Let i = 79 - u. What are the prime factors of i?
2, 3, 5
List the prime factors of (((-429)/(-26))/11)/((-1)/(-10238)).
3, 5119
Let p(b) = -b**3 - 96*b**2 - 437*b - 227. What are the prime factors of p(-92)?
6121
Let l(f) = 8 + 3 - f**2 - 6*f - 5*f + 3*f. Let a be l(-9). Suppose -4*m + 408 = -3*u, u + 6 = a. List the prime factors of m.
3, 11
List the prime factors of (-64 - -8)*(-1153)/2 - 9.
5, 1291
Suppose -22 = -16*x + 10. Suppose 2*p - 1674 = -2*j - 2*p, x*p - 8 = 0. What are the prime factors of j?
829
Suppose 6*t = 7*t - 5*f + 3, -9 = -3*t - 3*f. Suppose -5*i + 7*n + 550 = t*n, 422 = 4*i + 5*n. List the prime factors of i.
2, 3
Let v(p) = -2*p**3 + p**2 - 3. Let f be v(-2). Suppose 7 = -8*s - f. Let c = 11 + s. List the prime factors of c.
2
Let a = 75 + -69. Let z be a/(12/4) + (-2 - -39). List the prime factors of ((-520)/z)/(1/(-6)).
2, 5
Let l be (20/1 + 1)*6/(-18). List the prime factors of 8/((-53)/123*l + -3).
2, 3, 41
Let z = -5848 + 10631. List the prime factors of z.
4783
Let i(j) = -218*j + 1231. What are the prime factors of i(-27)?
11, 647
Let q(x) = -x**2 - 6*x + 3. Let d be q(-6). Suppose -r + c + 1 = -6, -d*r + c + 11 = 0. What are the prime factors of 810/20 + (-1)/r?
2, 5
Let s(n) = 5*n**2 - 25*n + 5. Let u be s(7). Suppose 3*p + 48 = r, 4*r - p = u + 117. What are the prime factors of r?
2, 3
Suppose -134*w + 130*w = -39872. Suppose -9*k = -w + 1841. List the prime factors of k.
3, 7, 43
Suppose -169*u - 4474889 = 11*u - 14762069. List the prime factors of u.
67, 853
Suppose 20 = -4*r, -5*l - 2*r + 5*r - 560 = 0. Let d = l + 132. What are the prime factors of d?
17
Suppose -x = -3*x + 5*u + 7278, -6*u = -x + 3639. List the prime factors of x.
3, 1213
Let i(y) = 16*y**2 + 15*y - 3. What are the prime factors of i(13)?
2, 181
Let n(f) = 5*f + 191. Let q be (-75)/(-45) - 1/(-3). Suppose q*d - 6*d = 0. List the prime factors of n(d).
191
Suppose -6*a + 687 + 21 = 0. Suppose -2*d = -130 + a. What are the prime factors of